(k) + 2*y(k). What is the tens digit of s(6)?
1
Suppose -6*x + 6 = -3*x. Suppose -3*h + x*h + 2 = 0. What is the units digit of h?
2
Let l(f) = -2*f + 3. Let h be l(4). Let d(v) = 3*v**2 - 32*v - 32. Let n(a) = a**2 - 15*a - 15. Let g(y) = 4*d(y) - 9*n(y). What is the units digit of g(h)?
7
Let q = 425 - 424. Let w be (-1)/5 - (-71)/5. Suppose i - w + q = 0. What is the tens digit of i?
1
Let p(k) = -9*k**3 - 2*k**2 + 17*k + 86. What is the units digit of p(-4)?
2
Let s(x) = 1 - x + 5*x + 5*x - 4*x. Let p be s(-1). Let t = p + 15. What is the tens digit of t?
1
Suppose -5*t + 254 + 42 = 4*g, 0 = -5*g - 5*t + 365. Suppose 297 = 5*r + 3*f, -4*f + f = r - g. What is the tens digit of r?
5
Let w(f) = 9*f**2 - 7*f - 1. Let q = 5 - 2. What is the units digit of w(q)?
9
Let f(o) = o**3. Let c be (3/2)/(24/32). Let x be f(c). Let z = x - 7. What is the units digit of z?
1
Let v be 7 + (-5 - 1) + (-7 - 0). What is the units digit of ((-26)/v)/(-1 + 100/96)?
4
Let f(u) = 50*u - 11. What is the tens digit of f(7)?
3
Let t(g) = g**3 + 37*g**2 - 83*g + 2. What is the units digit of t(-39)?
7
Let l(a) = a**3 + 10*a**2 - 3*a - 25. Let k be l(-10). Suppose k*m = -3*b + 3*m + 308, -4*m + 4 = 0. What is the tens digit of b?
0
Suppose 2*r = -4*l - 183 - 165, 153 = -r + 5*l. Let z = r - -253. What is the units digit of z?
5
Suppose 0 = r + 3*r + 60. Let d be 852/20 - (-9)/r. Suppose 5*v - 56 = 2*f + f, -4*f = 5*v - d. What is the units digit of v?
0
Let c be 28 - -2*(-10)/5. Suppose -1 = -y + c. What is the units digit of y?
5
Suppose 15*w = 14180 + 6895. What is the hundreds digit of w?
4
Suppose 0 = -3*r + 4*h + 1586, 0 = 5*r - 4*h + 9*h - 2585. What is the hundreds digit of r?
5
Suppose -56*n - 4048 = -64*n. What is the hundreds digit of n?
5
Suppose 0 = -0*h - 3*h + 3*o, -5*h = -3*o - 8. Suppose a + h*a - 300 = 0. Suppose -4*t + a = 4*i, -70 = -4*t - 0*t - 2*i. What is the tens digit of t?
2
Let j(c) = -6*c - 168. Let w be j(-26). Let t(v) = 8*v - 5. Let m be t(-4). Let n = w - m. What is the tens digit of n?
2
Suppose p - 6*p + 52 = -4*f, -5*f = 3*p + 28. Let s = 66 + f. Suppose -o = 3*b - 27, -4*b + 44 + s = 5*o. What is the tens digit of o?
1
Let u = 1304 - 1166. What is the hundreds digit of u?
1
Let m = 662 + -386. Suppose -z + m = z. What is the tens digit of z?
3
Let d(r) = -17*r - 6. Let f(s) = 9*s + 3. Suppose -2*c + 11 = n, 7*n - 3*c = 2*n + 3. Let m(t) = n*d(t) + 5*f(t). What is the tens digit of m(-5)?
2
Let x(v) = -v**2 + 9*v - 4. Let f be x(7). Let t = 5 - f. What is the tens digit of -1 - 1 - (-36 + t)?
3
Let v(s) = -7*s**2 - 4*s + 35. Let t(j) = -15*j**2 - 8*j + 71. Let r(d) = 6*t(d) - 13*v(d). What is the tens digit of r(11)?
3
What is the units digit of (-10920)/(-8) + 4/((-12)/15)?
0
Let z(j) = -j**3 + j**2 + j + 27. Let u be z(0). Suppose -4*f - t - 3 = -3*f, -4*f = -4*t + 28. Let k = f + u. What is the tens digit of k?
2
Suppose -4 = 3*h + 5. What is the units digit of (0 - (-1 - h))*-2?
4
Suppose -5*g = 5*q - 3*q + 28, 5*q - 3*g = -8. What is the units digit of (-3)/(-4) + (-273)/q?
9
Let k = 90 - 67. Suppose -k + 5 = -6*i. What is the units digit of i?
3
Let d(h) = -42*h - 126. What is the units digit of d(-9)?
2
Let y be ((-2)/(-4) - -1)/((-10)/3700). Let o = y + 834. What is the tens digit of o?
7
Let i be (-6)/(-15) + (-187)/5. Let c = i - -46. What is the units digit of c?
9
Let l be (-2 - -1) + -2 + -7. What is the units digit of 46 + 2 - (6 + l)?
2
Let f be (-8)/48 + 61/6. Let m be (-12)/(-8)*f/3. What is the tens digit of 89/m - 2/(-10)?
1
Suppose -4*w = 56 + 216. Let j = w - -130. What is the tens digit of j?
6
Let m(x) be the second derivative of 0 - 3*x - 3*x**2 + 7/6*x**3. What is the units digit of m(3)?
5
Let y(b) = -2*b + 56. Let s be y(0). Suppose -55 = -2*a - 3*k, -3*k - 99 - s = -4*a. What is the tens digit of (-1)/((-3)/(a + -2))?
1
Let p = -29 - -11. Suppose -2*j + 28 = -3*j. Let v = p - j. What is the units digit of v?
0
Let g be -4 + 2 + (2 - 4). Let a be 4/10 - g/(-10). What is the tens digit of (-1)/(2/(-34) - a)?
1
Let u be (16/20)/((-2)/25). Let b = -36 + 16. Let r = u - b. What is the tens digit of r?
1
Let z(r) = -41*r - 71. Let f(d) = 40*d + 70. Let a(h) = -4*f(h) - 3*z(h). What is the tens digit of a(-8)?
2
Suppose -3*c + 3*a = -5*c + 127, 4*c - 257 = -5*a. Suppose 4*o - 126 = 2*o + 2*g, o + 4*g = c. What is the units digit of o?
4
Suppose -44*p + 49*p = -175. What is the hundreds digit of (-2)/(-7) - (6780/p + -4)?
1
Let l(b) = 0*b - 1 + 6*b**2 - 3*b + 0*b. Let z be l(2). Let p = 27 - z. What is the units digit of p?
0
Let x = 848 - 598. Suppose 0 = -4*j + 34 + x. What is the tens digit of j?
7
Let k be 4 + (1 - (4 + -3)). What is the units digit of (-5550)/(-40) + 1/k?
9
Let t(m) = m**3 + 4*m**2 - 6*m - 1. Let q be t(-5). Let c be (-10)/(-5) + (3 - 1)*-1. What is the units digit of (c/q)/2 - -33?
3
Suppose -27 = -2*z - 5. Let m = z + -7. Suppose -c + 88 = 3*f + 4*c, -m*f + c = -102. What is the units digit of f?
6
Suppose -g = 4, -4*r + g = -2*g - 1416. What is the hundreds digit of r?
3
Suppose g = 5*g - 12. Let c be (-1)/(-3)*g - -24. What is the units digit of 180/c - 2/10?
7
Suppose j = -j - 316. Let h = j + 232. What is the units digit of h?
4
Let b be ((-20)/4 + 5)/(-1). What is the units digit of (3 - (-140)/(-15))*(b + -3)?
9
Suppose -4*s = -u - 5, s + 4*u + 10 = 2*u. Let g = s + 5. Suppose g*k + 5 = 0, -w - 2*k + 23 = -3. What is the tens digit of w?
2
Let i = -162 + 306. What is the hundreds digit of i?
1
Let f = -1003 + 1921. What is the tens digit of f?
1
Suppose -u + 1 = -h, 3*h + 5 = 4*u + 1. Let m(i) = 4*i - u + 8 - 3. What is the tens digit of m(5)?
2
Suppose 2*o + 1 = -3*m + 2, -3*o = 2*m + 6. Let s be (15/(-2))/((-2)/o). Let n = s + 49. What is the units digit of n?
4
Let k be 4/3*(27/4 + -3). Suppose -3*v = 3*n - 18, 4*v - v = n + 6. Suppose 4*t - 298 = k*i, i - 310 = -n*t - t. What is the units digit of t?
7
Let c(m) = 3*m**2 - 43*m + 85. Let x(t) = 2*t**2 - 29*t + 57. Let w(j) = -5*c(j) + 8*x(j). What is the tens digit of w(16)?
1
Let c(n) = 3*n - 32. Let x(k) = -k**2 + 13*k. Let f be x(12). What is the units digit of c(f)?
4
Let s(m) = -2*m**3 - m**2 + 6*m - 2. Let r be s(-5). Let f = r - 112. Suppose -4*n = -b - 0*n + f, -3*b - 5*n = -226. What is the tens digit of b?
7
Suppose -54*u + 9108 = -45*u. What is the units digit of u?
2
Let z(w) = 3*w**2. Suppose 3*t + 0 - 3 = 0. Let o be z(t). What is the units digit of o/(-2)*-16*2?
8
Let v = 37 - 30. Suppose -g = -t - 17, 2*g + 2*t - 7 - v = 0. What is the units digit of g?
2
Let z be (-4910)/(-12) + -1 + 8/(-48). Let a = z + -273. What is the tens digit of a?
3
Let a = 24 - 56. Let q = a + 94. What is the units digit of q?
2
Let p(b) = -10*b**3 - 6*b**2 - 31*b + 3. What is the units digit of p(-4)?
1
Let d(t) = -13*t + 13. Let z(p) = 51*p - 48. Let i(s) = -102*s + 95. Let o(q) = 3*i(q) + 7*z(q). Let h(w) = 15*d(w) + 4*o(w). What is the tens digit of h(7)?
5
Suppose 24*x = 18*x + 3342. What is the hundreds digit of x?
5
Let z = 2 - 1. Let s(p) = 10*p**2 - 3*p - 2. Let x(g) = -5*g**2 + 2*g + 1. Let l(o) = 3*s(o) + 5*x(o). What is the units digit of l(z)?
5
Let v(x) = x**2 - 8*x + 15. Suppose -r = -i + 8, 3*i - 2 = 5*r + 22. What is the units digit of v(i)?
5
Let f(p) be the third derivative of p**6/120 + p**5/20 - p**4/24 + p**3/2 + 6*p**2. Let m be f(-3). Let d = 21 - m. What is the tens digit of d?
1
Let m be 4/(-12)*-6 + 2. Suppose -5*g + 39 = 2*u, 3*g - m*u - 21 = 18. What is the units digit of g?
9
Suppose 4*l + 20 = 68. Suppose -2*k = -l - 26. Suppose 5 = 2*r - k. What is the tens digit of r?
1
Let g(y) = 152*y + 18. What is the units digit of g(2)?
2
Let w(x) = 5*x + 206. Suppose 0*d - 10*d = -0*d. What is the units digit of w(d)?
6
Let v = 360 + -228. Suppose 3*u - 6*u + v = 0. What is the tens digit of u?
4
Suppose 0*u + 12 = 3*u. What is the units digit of (1592/12)/(2 + u/(-3))?
9
Let i(c) = 277*c**2 - 9*c - 6. What is the hundreds digit of i(-1)?
2
Suppose 4*b = -5*n + 7, -3*n + 4 = 3*b - 2. Suppose -2*w + 161 = b*d, w + 0*w - d = 73. What is the units digit of w?
6
Let v(g) = 14*g - 5. Let d be v(-4). Let t = d - -112. What is the units digit of -1 + 2/(-1) + t?
8
Suppose -y = 2*q - 4, 2*q - 1 = -2*y + 3. Let w(g) = 27*